mposite?
True
Let f = 3309547 - 2018208. Is f prime?
False
Suppose 5*v = 20, 3*v - 246429 = 55*n - 58*n. Is n prime?
True
Suppose -91*q + 39397683 = -7*q + 9*q. Is q composite?
True
Let x(y) = 963*y + 11. Let c be (-7)/(-2) - 65/(-26). Is x(c) a composite number?
True
Suppose -6*a + 2*a = -4*u + 1192, -4*u - a = -1217. Suppose -g = -46 + u. Let h = g - -2866. Is h prime?
True
Let c = 213 + -242. Let v(d) = 2*d**2 - 185*d - 44. Is v(c) a prime number?
False
Suppose 0 = 597*a - 258742619 - 84814762. Is a prime?
True
Suppose 5*i - 13944 = 4*m, -2*i - 3*m = 2*i - 11180. Is i/2 - 66/22 prime?
False
Is (-34248333)/(-231) + (-3 - 124/(-44)) a composite number?
True
Let j be 12/14*(-2 + 12 + -3). Let u be (-2)/3*j/8*0. Suppose -2*i = -u*i - 426. Is i a prime number?
False
Suppose 0 = -5*f - 900 + 83805. Is f prime?
False
Let m(h) = -h**2 - 23*h - 51. Let n be m(-20). Suppose -n*d + 419195 = 5*l - 8*d, 4*l + 4*d = 335340. Is 3/7 + l/112 a prime number?
False
Suppose -2*g = 23*h - 24*h - 990238, -g + 495107 = -2*h. Is g a composite number?
True
Let b(l) = 565*l**2 - 15. Let q be b(-4). Let y = q - 6438. Is y a composite number?
True
Let z(f) be the third derivative of 0 + 17/3*f**3 + 0*f - 14*f**2 + 5/24*f**4. Is z(25) a composite number?
True
Is -1402*(3/(-4))/(3/2) prime?
True
Let a = 419855 + -204862. Is a a prime number?
True
Suppose 1884762 = 3*u + 3*s, 65*s = 4*u + 60*s - 2512971. Is u a prime number?
False
Suppose -1519376 = -y - d, y + 81*d = 85*d + 1519381. Is y composite?
True
Suppose 0*o + 41350 = v + 3*o, 3*v + 2*o = 124029. Suppose -v = -43*j - 12058. Is j a composite number?
True
Let i be 6/(-4)*464/87. Is (-5)/(-10)*i - -115*15 composite?
False
Let h(v) = -5922*v + 1149. Is h(-5) prime?
False
Let q = -575 - -578. Suppose -5*z = 2*f - 69761, 6*z + q*f = z + 69764. Is z a composite number?
True
Let i be 52/7*42/12. Let r be (4/(-2))/(((-8)/i)/4). Let z = 511 - r. Is z a prime number?
False
Suppose 5*i = -k + 1261, -3*k = i - 55 - 200. Let g = 157 + i. Is g a composite number?
False
Suppose p - 2*p = -w - 21, -4*w = -5*p + 104. Suppose p*f - 9438 - 10522 = 0. Is f composite?
True
Let w = 188775 - 120482. Is w prime?
False
Let x = -691 - 567. Let m = 359 + x. Let o = 1930 + m. Is o prime?
True
Suppose 0 = -2*d + 6*d - 341916. Suppose -g - g - 3*s - 170961 = 0, d = -g - 2*s. Is g/(-135) - 4/18 a composite number?
True
Suppose 22*x - 16*x + 46782 = 0. Let h = x - -13786. Is h prime?
False
Let y = -241 - -251. Suppose 8*b - 19242 = -y*b. Is b a composite number?
False
Suppose -3*v = -89*v + 8814226. Is v a prime number?
False
Let j(q) = q**3 + 62*q**2 - 123*q + 27. Is j(-52) prime?
False
Let x = -320 - -318. Is (-56)/7 - (-8809 + x) prime?
True
Let h(w) be the second derivative of -181*w**3/2 - 5*w**2 + 2*w - 3. Is h(-1) prime?
False
Let w(t) = -t**3 - 4*t**2 - 14*t + 19. Let s be w(-9). Let y = s + 601. Is y a prime number?
True
Let i(t) = -2*t**2 - 18*t - 7. Let b be i(-9). Let f(a) = -10*a**3 + 4*a**2 - 18*a + 11. Is f(b) a prime number?
False
Let i be (3 - 3) + -2*(-12297)/2. Suppose 3*d + 4912 = -2*u + 4*u, 0 = 5*u + d - i. Suppose 3*a = -5*r + u, -2*r + 3*r - 1637 = -2*a. Is a composite?
True
Let s(c) = c**3 + 5*c + 28. Let b be s(13). Suppose -k - 4*k = 0. Suppose -4*l - 3*x + b = k, -2*l - 2*l + 2286 = x. Is l prime?
True
Let f(l) = -128*l**2 - 3*l + 7. Let q(o) = -o. Let g(b) = -f(b) + 5*q(b). Let a = -7 - -4. Is g(a) composite?
False
Let b(d) = 84*d**2 - 2*d - 9. Let r(y) = -y**3 + 17*y**2 + 19*y - 23. Let u be r(18). Is b(u) a composite number?
True
Suppose 0 = -2*q + 9 - 1. Let g(p) = -p**3 + 25*p**2 - 8*p + 268. Let k be g(21). Is (k - -4)/q + 2 a composite number?
True
Is (226/(-5))/(746/(-9535745)) a prime number?
False
Suppose u - 35 = 4*m, u - 2 = 1. Let r be 3 - 4/m*1412. Suppose 4*f = 2465 - r. Is f composite?
False
Let w(g) = 18*g - 219. Let l be w(12). Let n(c) = 44*c**2 - c + 2. Is n(l) prime?
True
Let l = -31300 - -74093. Is l a composite number?
False
Suppose 31119 = -l + 5*n - 61238, 5*n = 3*l + 277101. Is l/(-84)*(1*2 + 1) composite?
False
Is -6 + 1 - (-133923 - (-27 + 28)) composite?
False
Suppose 22 = 2*k + 4*c, -3*k = 14*c - 0*c - 57. Suppose -3*z - 2 = q, 2*z - 2*q = 1 + 3. Suppose z*i + k*i - 2095 = 0. Is i composite?
False
Let r = 632 + -359. Suppose 4*p = b - 6163, -p = -4*b - r + 24850. Is b prime?
True
Let k(q) = -587*q + 1002. Is k(-23) composite?
False
Suppose 20 = 3*q + 5*g, -4*q + 10*g - 7*g = 12. Suppose -2*j = j - s - 4351, j - 5*s - 1441 = q. Is j composite?
False
Suppose -2*n - 5 = -13. Let t(x) = -6516 - 6483 + 76*x + 13012. Is t(n) prime?
True
Let u be 4 - (2190214/(-52) + (-6)/4). Let r = -21639 + u. Is r a composite number?
True
Let k = -784 + 1471. Let x be (-7794)/33 - (-6)/33. Let h = k + x. Is h composite?
True
Is 70717752/308 - 1/11 composite?
True
Is (-25142677)/(-102) - 15/6*(-11)/165 a prime number?
True
Suppose -2761219 = -t - 6*t - 787086. Is t composite?
False
Let y(c) = 1500*c - 8921. Is y(12) a prime number?
False
Suppose -51*z + 56*z + 3*t - 119447 = 0, -2*t - 47766 = -2*z. Is z a composite number?
False
Let q be 0 + -3*(3 - 1). Let s be ((-1901)/3)/(q/(-18)). Let o = s + 2770. Is o a prime number?
False
Suppose 0 = -14*u + 183 + 209. Is 3 - ((-13544)/u - 4/14) composite?
False
Suppose -3*j + 44 = -10. Suppose 3 - j = -3*w. Suppose v + 0*v - 152 = w*z, -v - 2*z = -117. Is v a composite number?
False
Let k(f) = 727*f + 2034. Is k(35) composite?
False
Suppose 249*p - 257*p = -24. Suppose 5*n + 13560 + 9154 = 3*x, 0 = -3*n + p. Is x composite?
False
Suppose -9088 = -11*r - 5*r. Let m = r + 271. Is m a prime number?
True
Let h be 14/2 - (32 - 26). Is ((-7)/14)/(h/(-2518)) a composite number?
False
Suppose -3*a = 2717 - 11828. Let r be (103/3)/(15 + 9738/(-648)). Let c = a + r. Is c a prime number?
True
Let a = 19 + -16. Let z(u) = u**3 + 2*u**2 - 2*u - 4. Let h be z(-2). Suppose -a*n + 1664 + 241 = h. Is n a composite number?
True
Suppose -2*h + 22 - 20 = 0, 0 = 4*d - 5*h - 67071. Is d prime?
False
Let i be -5 + 43779/(-21) + 2/(-7). Let o = i + 3174. Let u = o + -285. Is u composite?
True
Let q = 16 - 5. Suppose 14*r - 177 = q*r. Let t = 508 - r. Is t composite?
False
Let u(i) = 2*i - 3. Let b be u(-3). Let f = -163 + -33. Let a = b - f. Is a a composite number?
True
Let m(y) = -7*y - 40. Let w be m(-6). Suppose -3*k + w*h = -1875, -4*k - 6*h + h + 2477 = 0. Is k prime?
False
Suppose 5*b = -15, -44*d = -42*d - 5*b - 9205. Is d a prime number?
False
Let l = 6081 + -6079. Let v(g) = 46*g + 117*g + 208*g + 9. Is v(l) a prime number?
True
Let p be 1*(-2 - -1) + (-9)/(-1). Suppose -s - s + 2 = -2*m, s - 4*m = -p. Suppose -t = s*t - 3165. Is t composite?
True
Suppose -4*s + 35443 = 3*w, 13*w - 44260 = -5*s + 18*w. Let f = s + -5460. Is f prime?
False
Suppose 12*o - 7*o - 40 = 0. Let w(u) = 3*u**2 - 8*u + 63. Is w(o) a prime number?
True
Let g(s) be the first derivative of 543*s**2/2 + 30*s + 22. Let w be g(20). Is w/8 + 1/(-4) a prime number?
True
Let k(v) = -17387*v - 735. Is k(-4) a composite number?
False
Let o(q) = q**2 - 33*q + 102. Let t be o(29). Let z(a) = -a**3 - 12*a**2 + 9*a - 13. Is z(t) a composite number?
True
Let m = -55 + 101. Let c = -30 + m. Suppose 80 = u + 3*d, u = -2*d + 61 + c. Is u a prime number?
True
Suppose -3*u = -5*w + 161818, 20*u - 15*u = w - 32368. Is w a composite number?
False
Let q be -1 + (-18)/(-3) + (-60)/6. Is (-4 - -300878)/7 + q composite?
True
Let b(n) = n**2 + 9*n + 8. Let a be b(-8). Suppose 0 = -5*u - 5*l - 0*l + 10, u - 3*l - 6 = a. Suppose -5*j - u - 7 = 0, -5*p + 1264 = 3*j. Is p composite?
True
Is 2/36 - 399543291/(-1134) composite?
True
Suppose 646*q - 635*q - 404921 = 0. Is q composite?
True
Let k = -115 - -94. Is 2/k*-7 + (-12962)/(-6) a composite number?
False
Suppose 386*h - 393*h + 984361 = 0. Is h a composite number?
True
Suppose 0 = -9*l + 2*l - 28. Let s(j) = j**3 + j**2 - j. Let q be s(l). Let g = q + 1011. Is g a composite number?
False
Let k = -2696 + -398. Let h = k + 4591. Is h prime?
False
Is 8*17/(-1768)*-4185311 composite?
False
Suppose 86*v - 90*v + 2*f + 201154 = 0, 0 = -7*v + f + 352012. Is v composite?
False
Let s = 43989 + 3788. Is s composite?
False
Let f = 294 + -6614. Let o = 10116 + f. Is o/10*1 + 18/(-30) composite?